t r be (216/14)/((-48)/(-168)). Let d = 57 - r. Suppose -d = -3*m, 2*m - 137 = -7*k + 2*k. What is the remainder when 53 is divided by k?
26
Let j = -220 - -221. Calculate the remainder when 140 is divided by j*(32 + -2 + (7 - 12)).
15
Let s be 12/(-9)*(-12)/2. Let q be 4*1 - 23/((-69)/(-24)). Calculate the remainder when (4 - s - -145) + q is divided by 35.
32
Suppose -10*l = -4*l - 156. Suppose 2*n = -3*c - 65, -2*c = n + l + 9. What is the remainder when 88 is divided by -3 + (-65)/n - (-162)/5?
24
Suppose 5*y - 4*b = 444 - 26, y + 5*b - 72 = 0. What is the remainder when 604 is divided by y?
30
Let p(x) = -x**3 + 3*x**2 + 5*x - 2. Let j be p(4). Let w be j/3*(-9 - (-4 + -2)). Let k(v) = 5*v**2 - v - 4. What is the remainder when 87 is divided by k(w)?
15
Let c(m) = 11*m - 32. Let d be c(-9). Let i = d - -134. Suppose -3*g - 4*t = -24 - 98, 0 = -i*g - t + 125. Calculate the remainder when g is divided by 22.
20
Suppose o - 4*r - 75 = 0, 4*o + 11*r = 6*r + 216. Suppose 0 = o*d - 67*d + 128. What is the remainder when 47 is divided by d?
15
Let n(r) = 11*r**2 + 411*r + 1633. What is the remainder when 447 is divided by n(-4)?
117
Let n = -280 + 291. Suppose -10*r - 285 = -4*z - n*r, 0 = z - 5*r - 66. Calculate the remainder when z is divided by ((-5)/(-1))/((-1)/(-5)).
21
Let u = 6 + -6. Suppose 5*h - 117 - 3 = u. Suppose -4*f + 8 = -3*c, 0 = f - 0*c + c - 9. Calculate the remainder when h is divided by f.
4
Suppose -4*m + 24 = 5*o, -2*m - 4 = -m. Suppose 9*r + 10*r = 9*r + 1500. Calculate the remainder when r is divided by o.
6
Let f(p) = 3*p**2 + 85*p + 255. Calculate the remainder when 14523 is divided by f(-3).
24
Suppose -111*x + 27727 = 11*x - 3*x. What is the remainder when 371 is divided by x?
138
Let x = -127 - -128. Calculate the remainder when 78 + (0 - (5 + x)) is divided by 25.
22
Let i be -1 + 7/1 + 26 + -26. Suppose -i*l - 112 = -14*l. What is the remainder when 39 is divided by l?
11
Let i = 1484 - 1425. Let a = -330 - -501. What is the remainder when a is divided by i?
53
Suppose -16*v = -21*v - 2*i + 770, -4*i + 770 = 5*v. What is the remainder when 449 is divided by v?
141
Suppose -5*k - 2*k = -35. Suppose -2*z - 1659 = -4*x - 5*z, -5*x - k*z + 2070 = 0. Calculate the remainder when x is divided by 38.
37
Suppose 164 = -7*q + 4231. Calculate the remainder when q is divided by 74.
63
Let r = -3175 - -848. What is the remainder when 234 is divided by 8/6 + r/(-39)?
51
Suppose 45*f = -43*f + 92*f - 956. Calculate the remainder when 833 is divided by f.
116
Let r = -6 - -11. Suppose 0 = 5*g - 5*j - r - 15, -5*j - 8 = g. Let z(l) = 13*l + 9. What is the remainder when z(g) is divided by 6?
5
Suppose 0 = -29*z + 539 + 737. Calculate the remainder when 804 is divided by z.
12
Let q be 144448/64 + -9*1. What is the remainder when (-80)/(-1000) - q/(-25) is divided by 23?
21
Let x = 39 - -1. Suppose -356*c + 494*c - 60030 = 0. What is the remainder when c is divided by x?
35
Suppose 2*q - 5*r = 29, r = -r - 10. Calculate the remainder when q/(1/(-2037)*-7) is divided by 45.
42
Let k = 3774 - 3632. What is the remainder when k is divided by 5?
2
Let z(r) = 7*r + 13. Let x be ((-30)/9 - -3)*6. Let w(c) = -c. Let g(n) = x*z(n) - 4*w(n). What is the remainder when 27 is divided by g(-4)?
13
Calculate the remainder when 25306 is divided by ((-13)/2 + 7)*1728/24.
34
Suppose 2*s - 25 = 5*g, 19*g - 21*g - 26 = -4*s. Suppose 0 - 9 = -s*q - r, -2*r - 6 = -2*q. Calculate the remainder when 20 is divided by q.
0
Let g = -401 + 1053. Let v = g - 644. What is the remainder when 53 is divided by v?
5
Let z(d) = -2*d**3 + 11*d**2 + 4*d - 42. Let s be z(5). Calculate the remainder when s/21 - (-15432)/168 is divided by 29.
5
Suppose -145 = -4*z - z. What is the remainder when (-26 + 21 + -2)/((-1)/6) is divided by z?
13
Let u(x) = 63*x - 726. Suppose -2 - 11 = -q. What is the remainder when u(15) is divided by q?
11
Let c(b) = 39*b + 5. Let o(u) = 2*u - 2. Let q be o(2). Suppose -77 = -2*j + d, 6*d = q*j + 3*d - 67. Calculate the remainder when c(4) is divided by j.
38
Let a(m) = 85*m - 1292. Calculate the remainder when a(39) is divided by 8.
7
Let v = 410 + -315. What is the remainder when 331 is divided by v?
46
Let z = -340 - -341. Calculate the remainder when 1/(z*(-1)/(-95)) is divided by 31.
2
Let h be (5 + -53 + 2)*(-10)/4. Suppose 5*m - h = m - r, 3*r = -m + 37. What is the remainder when 381/21 - 4/m is divided by 5?
3
Let y(o) = -12*o - 8. Calculate the remainder when y(-7) is divided by (-11)/2*(39 - (-25462)/(-638)).
1
Let p(d) = 363*d**2 - 34*d - 33. What is the remainder when p(-1) is divided by 61/((3 - -1)/4)?
59
Let y(i) = 4*i - 29. Let k(d) = -d + 45. Let g be k(35). What is the remainder when 29 is divided by y(g)?
7
Suppose 3*r = 5*f - 1483, 0*r = 2*f + 5*r - 587. Suppose -5*y - 5*h = -35, 23 = -4*y + 2*h + 63. Calculate the remainder when f is divided by y.
8
Suppose -11*g + 591 + 443 = 0. Let c be 2/3 + (-1760)/48. Calculate the remainder when g is divided by 48/18*c/(-3).
30
Suppose -134 + 6 = -32*a. Suppose 0 = a*p - r - 208, 4*p - 2*r - 257 + 45 = 0. Calculate the remainder when 966 is divided by p.
48
Let t(v) = -29*v + 1222. Calculate the remainder when 323 is divided by t(41).
26
Let n(v) = -8*v + 7. Let j be n(7). What is the remainder when (-2)/(-7) - 2044/j is divided by 5?
2
Let z(x) = 161*x**2 - 5*x - 2. Suppose m - 91*o - 40 = -93*o, -4*o = 4. Calculate the remainder when z(-1) is divided by m.
38
Let z = -9 + 14. Suppose 3*w = -2*i + 323, -212 = -z*w + 3*w - 3*i. What is the remainder when w is divided by (51/(-12) - 4)/(6/(-16))?
21
Let c(x) = x**2 + 26*x + 250. Calculate the remainder when c(-11) is divided by 27.
4
Let k be 6/33 - 530/(-110). Let w(u) = -u**3 + 3*u**2 + 10*u + 4. What is the remainder when 4 is divided by w(k)?
0
Suppose 0 = 4*z - 3*x - 741, -21*z + x - 912 = -26*z. Calculate the remainder when 900 is divided by z.
168
Let y(t) = -t**3 + t**2 + 5. Calculate the remainder when -2*(826/(-28) - -19 - (0 + 4)) is divided by y(0).
4
Let d = 38 - -15. Calculate the remainder when d is divided by 17/(-68) + (-539)/(-28).
15
Let p(i) = i**3 + 10*i**2 - 26*i - 27. Let q be p(-12). Calculate the remainder when 116 is divided by 10 - (-7 + 3 + q).
14
Suppose 0 = -8*v + 422 + 1026. Suppose -4*h + 84 = -5*a, a - 5 = 3*h - 79. What is the remainder when v is divided by h?
25
Suppose 7 = -r, 5*u - 2*r + 286 = 7*u. Calculate the remainder when 898 is divided by u.
148
Suppose 24*o - 3358 - 1346 = 0. What is the remainder when 119 is divided by (-6)/(-54) - (o/(-18) - 1)?
11
Let l be (2 - 2) + (-686)/(-14). Suppose 4*y = 3*v + 3*y - 191, -l = -v + 4*y. What is the remainder when 779 is divided by v?
64
Let g(y) be the second derivative of 1/6*y**3 + 1/12*y**4 + 0 - y**2 - y. What is the remainder when 7 is divided by g(2)?
3
Suppose 0 = 2*r + 4*b - 1076, 29*r - 2708 = 24*r - 4*b. What is the remainder when r is divided by 21?
19
Let z(j) = -114*j + 8742. Calculate the remainder when 676 is divided by z(76).
52
Calculate the remainder when 61 - (9 - 17) - 14 is divided by (4 + -6)*26/(-4).
3
Let u = -17356 + 17448. What is the remainder when 8739 is divided by u?
91
Suppose 4*c = -z - 2415 + 2465, z - 57 = -5*c. What is the remainder when 19358 is divided by z?
20
Suppose -3455 = 118*z - 68*z - 40555. Calculate the remainder when z is divided by 110.
82
Let b(k) = k**3 + 6*k**2 - 4*k - 8. Calculate the remainder when 56/6*5370/2506 is divided by b(-6).
4
Let n be 3/(-15) + (-987)/(-35). Suppose 37*m - 846 = n*m. What is the remainder when m is divided by 19?
18
Suppose 2*f - 45 = -11. Calculate the remainder when 2/(16/533) - 795/424*(-2)/10 is divided by f.
16
Suppose r - 14 = 4. Suppose -z + 28 = -r. Suppose o - 5*a - 9 = 22, 2*a = -o - 4. What is the remainder when z is divided by o?
4
Let f(g) = -24*g + 4. Suppose -14*u + 14 = -21*u. What is the remainder when f(u) is divided by 11?
8
Let m = 11962 + -11591. What is the remainder when 1495 is divided by m?
11
What is the remainder when (7 - 290/4)/((-1)/6) is divided by 151?
91
What is the remainder when (-1065)/(-1) - (-21 - -4 - -24) is divided by 14?
8
Suppose 58*s - 64*s = -30. Suppose s*n = 2*o - 402, 3*o - n - 577 = -0*n. Calculate the remainder w